{"id":43,"date":"2009-06-23T14:31:39","date_gmt":"2009-06-23T12:31:39","guid":{"rendered":"http:\/\/www.steppps.net\/steppps\/?page_id=43"},"modified":"2015-11-30T19:49:11","modified_gmt":"2015-11-30T17:49:11","slug":"mitpilgern","status":"publish","type":"page","link":"https:\/\/www.steppps.net\/steppps\/mitpilgern\/","title":{"rendered":"Mitpilgern and Join in"},"content":{"rendered":"<h4><a href=\"http:\/\/steppps.blogspot.com\/2008\/09\/mitpilgern.html\">Mitpilgern<\/a> &#8211; Eine wertvolle Erfahrung f\u00fcr Dich und die Gruppe<\/h4>\n<p>Wir m\u00f6chten Dich herzlich einladen, eine Stunde, einen Tag, eine Woche, einen Monat oder welche Zeit auch immer mitzupilgern.<br \/>\nDas Projekt, die Pilgerreise lebt auch von der Teilnahme von Mitpilgern. Indem wir uns miteinander verbinden, im Sinne des &#8222;f\u00fcr den Frieden gehen&#8220;, k\u00f6nnen wir gemeinsam mehr erreichen. (Es funktioniert nat\u00fcrlich auch, wenn wir uns \u00fcber die Ferne verbinden). Trotzdem freuen wir uns, wenn wir einige von Euch auf der Strecke wiedersehe oder kennenlerne.<br \/>\nEs lohnt sich, f\u00fcr Dich, f\u00fcr die Sache, f\u00fcr die Welt.<\/p>\n<p>Wenn Du mitpilgern m\u00f6chtest, melde Dich!<br \/>\nPilgertelefon: \u00a0unter &#8222;Kontakt&#8220; bitte immer schauen ob die Nummer aktuell ist<br \/>\noder per Email: <a href=\"mailto:steppps@gmx.de\">steppps@gmx.de<\/a> (Thomas)<\/p>\n<p>________________________________________________________<\/p>\n<p><strong>English<\/strong><\/p>\n<p>Walking for Peace &#8211; a precious experience for YOU and the GROUP<\/p>\n<p>If you like to come with us, please contact us at steppp@gmx.de<\/p>\n<p>or write a message to: \u00a0please always check at &#8222;contact&#8220; if it is the right number<\/p>\n<p><strong>\u00a0<\/strong><\/p>\n","protected":false},"excerpt":{"rendered":"<p>Mitpilgern &#8211; Eine wertvolle Erfahrung f\u00fcr Dich und die Gruppe Wir m\u00f6chten Dich herzlich einladen, eine Stunde, einen Tag, eine Woche, einen Monat oder welche Zeit auch immer mitzupilgern. Das Projekt, die Pilgerreise lebt auch von der Teilnahme von Mitpilgern. Indem wir uns miteinander verbinden, im Sinne des &#8222;f\u00fcr den Frieden gehen&#8220;, k\u00f6nnen wir gemeinsam [&hellip;]<\/p>\n","protected":false},"author":3,"featured_media":0,"parent":0,"menu_order":4,"comment_status":"open","ping_status":"open","template":"","meta":[],"_links":{"self":[{"href":"https:\/\/www.steppps.net\/steppps\/wp-json\/wp\/v2\/pages\/43"}],"collection":[{"href":"https:\/\/www.steppps.net\/steppps\/wp-json\/wp\/v2\/pages"}],"about":[{"href":"https:\/\/www.steppps.net\/steppps\/wp-json\/wp\/v2\/types\/page"}],"author":[{"embeddable":true,"href":"https:\/\/www.steppps.net\/steppps\/wp-json\/wp\/v2\/users\/3"}],"replies":[{"embeddable":true,"href":"https:\/\/www.steppps.net\/steppps\/wp-json\/wp\/v2\/comments?post=43"}],"version-history":[{"count":15,"href":"https:\/\/www.steppps.net\/steppps\/wp-json\/wp\/v2\/pages\/43\/revisions"}],"predecessor-version":[{"id":2185,"href":"https:\/\/www.steppps.net\/steppps\/wp-json\/wp\/v2\/pages\/43\/revisions\/2185"}],"wp:attachment":[{"href":"https:\/\/www.steppps.net\/steppps\/wp-json\/wp\/v2\/media?parent=43"}],"curies":[{"name":"wp","href":"https:\/\/api.w.org\/{rel}","templated":true}]}}