{"id":1397,"date":"2013-05-16T14:53:25","date_gmt":"2013-05-16T12:53:25","guid":{"rendered":"http:\/\/www.steppps.net\/steppps\/?page_id=1397"},"modified":"2013-05-16T14:54:23","modified_gmt":"2013-05-16T12:54:23","slug":"unsere-taegliche-friedenspraxis-our-daily-peacepractice","status":"publish","type":"page","link":"https:\/\/www.steppps.net\/steppps\/unsere-taegliche-friedenspraxis-our-daily-peacepractice\/","title":{"rendered":"Unsere taegliche Friedenspraxis \/ Our daily Peacepractice"},"content":{"rendered":"<p>diese Seite ist im entstehen:) this page is under construction:)<\/p>\n<p>Hier wollen wir euch mehr \u00fcber unsere taegliche Friedenspraxis erzaehlen, einige unserer Weg f\u00fcr den Frieden zu arbeiten.<\/p>\n<ul>\n<li>Gehmeditation<\/li>\n<\/ul>\n<p>&nbsp;<\/p>\n<ul>\n<li>T\u00f6nen<\/li>\n<\/ul>\n<p>&nbsp;<\/p>\n<ul>\n<li>Sharing<\/li>\n<\/ul>\n<p>&nbsp;<\/p>\n<ul>\n<li>Sitzmeditatin<\/li>\n<\/ul>\n<p>&nbsp;<\/p>\n<ul>\n<li>Klangschale<\/li>\n<\/ul>\n<p>&nbsp;<\/p>\n<p>Here we want to tell you a bit more about our daily peace practice, some of our ways to work for peace.<\/p>\n<ul>\n<li>Walking Meditation<\/li>\n<\/ul>\n<p>&nbsp;<\/p>\n<ul>\n<li>Toning<\/li>\n<\/ul>\n<p>&nbsp;<\/p>\n<ul>\n<li>Sharing<\/li>\n<\/ul>\n<p>&nbsp;<\/p>\n<ul>\n<li>Sitting Meditation<\/li>\n<\/ul>\n<p>&nbsp;<\/p>\n<ul>\n<li>Singin Bowl<\/li>\n<\/ul>\n<p>&nbsp;<\/p>\n<p>&nbsp;<\/p>\n","protected":false},"excerpt":{"rendered":"<p>diese Seite ist im entstehen:) this page is under construction:) Hier wollen wir euch mehr \u00fcber unsere taegliche Friedenspraxis erzaehlen, einige unserer Weg f\u00fcr den Frieden zu arbeiten. Gehmeditation &nbsp; T\u00f6nen &nbsp; Sharing &nbsp; Sitzmeditatin &nbsp; Klangschale &nbsp; Here we want to tell you a bit more about our daily peace practice, some of our [&hellip;]<\/p>\n","protected":false},"author":3,"featured_media":0,"parent":0,"menu_order":3,"comment_status":"closed","ping_status":"closed","template":"","meta":[],"_links":{"self":[{"href":"https:\/\/www.steppps.net\/steppps\/wp-json\/wp\/v2\/pages\/1397"}],"collection":[{"href":"https:\/\/www.steppps.net\/steppps\/wp-json\/wp\/v2\/pages"}],"about":[{"href":"https:\/\/www.steppps.net\/steppps\/wp-json\/wp\/v2\/types\/page"}],"author":[{"embeddable":true,"href":"https:\/\/www.steppps.net\/steppps\/wp-json\/wp\/v2\/users\/3"}],"replies":[{"embeddable":true,"href":"https:\/\/www.steppps.net\/steppps\/wp-json\/wp\/v2\/comments?post=1397"}],"version-history":[{"count":2,"href":"https:\/\/www.steppps.net\/steppps\/wp-json\/wp\/v2\/pages\/1397\/revisions"}],"predecessor-version":[{"id":1399,"href":"https:\/\/www.steppps.net\/steppps\/wp-json\/wp\/v2\/pages\/1397\/revisions\/1399"}],"wp:attachment":[{"href":"https:\/\/www.steppps.net\/steppps\/wp-json\/wp\/v2\/media?parent=1397"}],"curies":[{"name":"wp","href":"https:\/\/api.w.org\/{rel}","templated":true}]}}