{"id":1215,"date":"2013-01-22T22:18:15","date_gmt":"2013-01-22T20:18:15","guid":{"rendered":"http:\/\/www.steppps.net\/steppps\/?page_id=1215"},"modified":"2014-12-03T14:44:19","modified_gmt":"2014-12-03T12:44:19","slug":"turkiye","status":"publish","type":"page","link":"https:\/\/www.steppps.net\/steppps\/turkiye\/","title":{"rendered":"Turkiye"},"content":{"rendered":"<p><b>Adim Ad\u0131m \u2013 Nefes Nefese &#8211; \u015euanda \u2013Daima<\/b><\/p>\n<h2><b>B<\/b><b>ar\u0131\u015f Hacc\u0131 i\u00e7in Ad\u0131m ad\u0131m<\/b><\/h2>\n<p>Almanya\u2019dan \u00a0Israil\/Filistin, Hindistan, Tibet ve \u00a0Birmanya\u2019ya y\u00fcr\u00fcyoruz.<br \/>\nBu yakla\u015f\u0131k 3-4 y\u0131l ve yakla\u015f\u0131k 15-20.000 km.<\/p>\n<p>&nbsp;<\/p>\n<p>BARI\u015e \u0130\u00c7\u0130N Y\u00dcR\u00dcYORUZ<\/p>\n<p>&#8211;\u00a0\u00a0\u00a0\u00a0\u00a0\u00a0\u00a0\u00a0 BU D\u00dcNYA \u0130\u00c7\u0130N<\/p>\n<p>&#8211;\u00a0\u00a0\u00a0\u00a0\u00a0\u00a0\u00a0\u00a0 KEND\u0130M\u0130Z \u0130\u00c7\u0130N<\/p>\n<p>&#8211;\u00a0\u00a0\u00a0\u00a0\u00a0\u00a0\u00a0\u00a0 INSANLIK \u0130\u00c7\u0130N<\/p>\n<p>&#8211;\u00a0\u00a0\u00a0\u00a0\u00a0\u00a0\u00a0\u00a0 K\u00dcLT\u00dcR VE M\u0130LLETLER \u0130\u00c7\u0130N<\/p>\n<p>&#8211;\u00a0\u00a0\u00a0\u00a0\u00a0\u00a0\u00a0\u00a0 INSANLAR VE HAYVANLAR \u0130\u00c7\u0130N<\/p>\n<p>&#8211;\u00a0\u00a0\u00a0\u00a0\u00a0\u00a0\u00a0\u00a0 INSANLAR VE DO\u011eA \u0130\u00c7\u0130N<\/p>\n<p>&#8211;\u00a0\u00a0\u00a0\u00a0\u00a0\u00a0\u00a0\u00a0 YEN\u0130 B\u0130R YA\u015eAM\u00a0 YEN\u0130 B\u0130R B\u0130L\u0130N\u00c7 \u0130\u00c7\u0130N<\/p>\n<p>&nbsp;<\/p>\n<p>Bu proje i\u00e7in bize yard\u0131m edebilirsiniz;<\/p>\n<p>&#8211;\u00a0\u00a0\u00a0\u00a0\u00a0\u00a0\u00a0\u00a0 Dualar\u0131n\u0131z ve Meditasyonunuzla ,<\/p>\n<p>&#8211;\u00a0\u00a0\u00a0\u00a0\u00a0\u00a0\u00a0\u00a0 Bize bir gece i\u00e7in yemek ve konaklama sa\u011flayarak,<\/p>\n<p>&#8211;\u00a0\u00a0\u00a0\u00a0\u00a0\u00a0\u00a0\u00a0 Bar\u0131\u015f i\u00e7in bizimle y\u00fcr\u00fcmeye kat\u0131larak,<\/p>\n<p>&#8211;\u00a0\u00a0\u00a0\u00a0\u00a0\u00a0\u00a0\u00a0 Ba\u015fkalar\u0131n\u0131 bilgilendirerek\/ sosyal medyaya haber vererek,<\/p>\n<p>&#8211;\u00a0\u00a0\u00a0\u00a0\u00a0\u00a0\u00a0\u00a0 Bir konu\u015fma organize ederek,<\/p>\n<p>&#8211;\u00a0\u00a0\u00a0\u00a0\u00a0\u00a0\u00a0\u00a0 E\u011fer isterseniz, hay\u0131r i\u00e7in bize ba\u011f\u0131\u015f yaparak.<\/p>\n<p>Daha fazla bilgi i\u00e7in;<\/p>\n<p>ThomasHeinrichSchm\u00f6ckel\u00a0\u00a0\u00a0\u00a0\u00a0\u00a0 <a href=\"http:\/\/www.steppps.net\/\">www.steppps.net<\/a><\/p>\n<p>Telefon: +90 536 777 55 94<\/p>\n<p>&nbsp;<\/p>\n<p><b>T\u00fcm m\u00fclletler\u00a0\u00a0\u00a0\u00a0\u00a0\u00a0 &#8211;\u00a0\u00a0\u00a0\u00a0\u00a0\u00a0 T\u00fcm K\u00fclt\u00fcrler\u00a0\u00a0\u00a0\u00a0\u00a0\u00a0 &#8211;\u00a0\u00a0\u00a0\u00a0\u00a0\u00a0 T\u00fcm Dinler\u00a0<\/b><\/p>\n<p><b>\u00a0<\/b><\/p>\n<p>&nbsp;<\/p>\n","protected":false},"excerpt":{"rendered":"<p>Adim Ad\u0131m \u2013 Nefes Nefese &#8211; \u015euanda \u2013Daima Bar\u0131\u015f Hacc\u0131 i\u00e7in Ad\u0131m ad\u0131m Almanya\u2019dan \u00a0Israil\/Filistin, Hindistan, Tibet ve \u00a0Birmanya\u2019ya y\u00fcr\u00fcyoruz. Bu yakla\u015f\u0131k 3-4 y\u0131l ve yakla\u015f\u0131k 15-20.000 km. &nbsp; BARI\u015e \u0130\u00c7\u0130N Y\u00dcR\u00dcYORUZ &#8211;\u00a0\u00a0\u00a0\u00a0\u00a0\u00a0\u00a0\u00a0 BU D\u00dcNYA \u0130\u00c7\u0130N &#8211;\u00a0\u00a0\u00a0\u00a0\u00a0\u00a0\u00a0\u00a0 KEND\u0130M\u0130Z \u0130\u00c7\u0130N &#8211;\u00a0\u00a0\u00a0\u00a0\u00a0\u00a0\u00a0\u00a0 INSANLIK \u0130\u00c7\u0130N &#8211;\u00a0\u00a0\u00a0\u00a0\u00a0\u00a0\u00a0\u00a0 K\u00dcLT\u00dcR VE M\u0130LLETLER \u0130\u00c7\u0130N &#8211;\u00a0\u00a0\u00a0\u00a0\u00a0\u00a0\u00a0\u00a0 INSANLAR VE HAYVANLAR \u0130\u00c7\u0130N &#8211;\u00a0\u00a0\u00a0\u00a0\u00a0\u00a0\u00a0\u00a0 INSANLAR VE [&hellip;]<\/p>\n","protected":false},"author":3,"featured_media":0,"parent":0,"menu_order":9,"comment_status":"closed","ping_status":"closed","template":"","meta":[],"_links":{"self":[{"href":"https:\/\/www.steppps.net\/steppps\/wp-json\/wp\/v2\/pages\/1215"}],"collection":[{"href":"https:\/\/www.steppps.net\/steppps\/wp-json\/wp\/v2\/pages"}],"about":[{"href":"https:\/\/www.steppps.net\/steppps\/wp-json\/wp\/v2\/types\/page"}],"author":[{"embeddable":true,"href":"https:\/\/www.steppps.net\/steppps\/wp-json\/wp\/v2\/users\/3"}],"replies":[{"embeddable":true,"href":"https:\/\/www.steppps.net\/steppps\/wp-json\/wp\/v2\/comments?post=1215"}],"version-history":[{"count":5,"href":"https:\/\/www.steppps.net\/steppps\/wp-json\/wp\/v2\/pages\/1215\/revisions"}],"predecessor-version":[{"id":1906,"href":"https:\/\/www.steppps.net\/steppps\/wp-json\/wp\/v2\/pages\/1215\/revisions\/1906"}],"wp:attachment":[{"href":"https:\/\/www.steppps.net\/steppps\/wp-json\/wp\/v2\/media?parent=1215"}],"curies":[{"name":"wp","href":"https:\/\/api.w.org\/{rel}","templated":true}]}}